False
Is 55271 composite?
True
Is 676439 prime?
False
Is 5509 composite?
True
Is 105409 prime?
False
Is 240211 a prime number?
False
Is 469439 composite?
False
Is 34909 a prime number?
False
Is 234083 a composite number?
False
Is 96259 composite?
False
Is 571199 composite?
False
Is 732943 a prime number?
True
Is 10786 prime?
False
Is 2947 a prime number?
False
Is 2998 prime?
False
Is 659437 composite?
False
Is 129358 a composite number?
True
Is 13849 prime?
False
Is 88115 composite?
True
Is 657766 a composite number?
True
Is 306083 a composite number?
False
Is 42587 composite?
True
Is 930499 prime?
True
Is 770209 prime?
False
Is 85105 prime?
False
Is 27509 a prime number?
True
Is 51257 a prime number?
True
Is 5323 prime?
True
Is 23971 prime?
True
Is 20765 composite?
True
Is 642839 prime?
False
Is 537151 a prime number?
False
Is 1180009 prime?
True
Is 1152155 prime?
False
Is 2245 a composite number?
True
Is 113327 a prime number?
True
Is 865681 a composite number?
False
Is 13 a prime number?
True
Is 206993 composite?
False
Is 35331 prime?
False
Is 232495 composite?
True
Is 27647 a composite number?
False
Is 411527 a prime number?
True
Is 2762251 prime?
True
Is 1973 composite?
False
Is 6999 composite?
True
Is 1241 a composite number?
True
Is 1618703 a prime number?
True
Is 2479 a prime number?
False
Is 419639 a composite number?
True
Is 32689 a composite number?
True
Is 1816157 a prime number?
False
Is 67205 prime?
False
Is 351097 a composite number?
False
Is 311147 composite?
True
Is 1214 a composite number?
True
Is 155597 a composite number?
True
Is 8887 a prime number?
True
Is 514 composite?
True
Is 1123 a prime number?
True
Is 4985 a prime number?
False
Is 3389 composite?
False
Is 67889 composite?
True
Is 206659 composite?
True
Is 244077 prime?
False
Is 921911 prime?
True
Is 1721299 composite?
False
Is 584011 prime?
True
Is 86369 prime?
True
Is 44311 prime?
False
Is 97649 prime?
True
Is 25943 a composite number?
False
Is 150779 prime?
True
Is 893 a prime number?
False
Is 818926 a composite number?
True
Is 14273 prime?
False
Is 314698 a composite number?
True
Is 51607 composite?
False
Is 283121 a composite number?
False
Is 1524811 composite?
False
Is 317399 a prime number?
True
Is 30289 prime?
False
Is 77383 prime?
True
Is 128237 a prime number?
True
Is 1688221 a composite number?
True
Is 2503 a prime number?
True
Is 14737 a prime number?
True
Is 248371 a prime number?
True
Is 1576303 composite?
True
Is 65053 a prime number?
True
Is 837631 composite?
False
Is 14741 a prime number?
True
Is 38879 a composite number?
True
Is 817979 a composite number?
False
Is 35491 a composite number?
False
Is 3477691 a composite number?
True
Is 123 a prime number?
False
Is 527837 prime?
False
Is 2731 a prime number?
True
Is 45007 composite?
False
Is 879809 prime?
False
Is 87335 a composite number?
True
Is 233171 a prime number?
False
Is 44501 composite?
False
Is 1357 composite?
True
Is 612319 a composite number?
False
Is 2510477 a composite number?
False
Is 407437 a prime number?
True
Is 33703 prime?
True
Is 56617 composite?
True
Is 26027 a composite number?
True
Is 1417567 prime?
False
Is 33679 composite?
False
Is 10553 composite?
True
Is 2003017 composite?
True
Is 109333 composite?
True
Is 823777 prime?
True
Is 1529 a prime number?
False
Is 108713 prime?
False
Is 151343 composite?
False
Is 2148747 prime?
False
Is 71741 a prime number?
True
Is 653 composite?
False
Is 127189 a composite number?
False
Is 232615 prime?
False
Is 10781 a prime number?
True
Is 8947 a prime number?
False
Is 1973 a composite number?
False
Is 18353 prime?
True
Is 113303 a prime number?
False
Is 381091 composite?
True
Is 3461161 a composite number?
True
Is 1040945 composite?
True
Is 460253 a composite number?
True
Is 9277 a prime number?
True
Is 2111 prime?
True
Is 54959 a composite number?
False
Is 104237 a prime number?
False
Is 9151 prime?
True
Is 8203 prime?
False
Is 208049 prime?
True
Is 3249637 a composite number?
True
Is 4439 a composite number?
True
Is 362174 composite?
True
Is 39913 prime?
False
Is 34517 a prime number?
False
Is 21741 prime?
False
Is 32141 a prime number?
True
Is 320939 composite?
False
Is 427681 composite?
False
Is 53953 a prime number?
False
Is 93178 prime?
False
Is 1141 a composite number?
True
Is 665947 a composite number?
False
Is 2270377 prime?
False
Is 4373 a prime number?
True
Is 152077 a composite number?
False
Is 6533951 a composite number?
False
Is 15893 composite?
True
Is 386021 a composite number?
True
Is 81717 prime?
False
Is 45337 composite?
False
Is 48803 prime?
False
Is 56843 a composite number?
False
Is 287731 a prime number?
True
Is 33907 a prime number?
False
Is 835 prime?
False
Is 1777 a prime number?
True
Is 49763 composite?
True
Is 62635 a composite number?
True
Is 13427 composite?
True
Is 437731 a prime number?
False
Is 38899 a composite number?
True
Is 9169 a composite number?
True
Is 155339 prime?
False
Is 808919 a composite number?
False
Is 62407 prime?
False
Is 412241 a prime number?
False
Is 24619 prime?
False
Is 60859 a prime number?
True
Is 2256853 prime?
False
Is 54559 composite?
False
Is 1804307 prime?
True
Is 127373 a prime number?
True
Is 12653 composite?
False
Is 39 a prime number?
False
Is 3817 a composite number?
True
Is 3049 composite?
False
Is 132299 composite?
False
Is 29327 composite?
False
Is 155159 a prime number?
False
Is 7655107 a prime number?
True
Is 63901 prime?
True
Is 340859 a composite number?
False
Is 111577 a composite number?
False
Is 89729 a composite number?
True
Is 46459 a composite number?
True
Is 36187 prime?
True
Is 1243511 a prime number?
True
Is 15959 a prime number?
True
Is 220063 a prime number?
True
Is 351763 a composite number?
False
Is 3719 composite?
False
Is 561277 prime?
True
Is 16183 composite?
False
Is 1038909 a composite number?
True
Is 343003 composite?
True
Is 869 a prime number?
False
Is 701 a composite number?
False
Is 127693 prime?
False
Is 7603 a prime number?
True
Is 799 composite?
True
Is 111178 a composite number?
True
Is 3433 a composite number?
False
Is 26963 prime?
False
Is 1649509 prime?
False
Is 87313 a composite number?
False
Is 64198 a composite number?
True
Is 36629 a prime number?
True
Is 84457 a prime number?
True
Is 4593 a composite number?
True
Is 1695741 prime?
False
Is 9461 a prime number?
True
Is 93299 composite?
True
Is 20303 composite?
True
Is 39857 a prime number?
True
Is 391 a prime number?
False
Is 24659 composite?
False
Is 422917 composite?
True
Is 289087 a composite number?
True
Is 364103 a composite number?
False
Is 6145 a composite number?
True
Is 61781 a prime number?
True
Is 3907 prime?
True
Is 659639 a composite number?
False
Is 5923 a prime number?
True
Is 818 a composite number?
True
Is 683 prime?
True
Is 14206 composite?
True
Is 16078 a composite number?
True
Is 26547 a prime number?
False
Is 2576963 prime?
False
Is 203054 composite?
True
Is 176647 a composite number?
True
Is 19301 a composite number?
False
Is 69991 prime?
True
Is 20053 composite?
True
Is 24065 composite?
True
Is 1827807 composite?
True
Is 17231 composite?
False
Is 5479 prime?
True
Is 13307 prime?
False
Is 14447 a prime number?
True
Is 3261 prime?
False
Is 343571 a prime number?
False
Is 5351 a prime number?
True
Is 6323 a composite number?
False
Is 502471 prime?
False
Is 191 composite?
False
Is 3989 prime?
True
Is 526819 a prime number?
False
Is 919 a prime number?
True
Is 26935 a prime number?
False
Is 361105 a prime number?
False
Is 158561 a composite number?
True
Is 2369 a composite number?
True
Is 38903 a prime number?
True
Is 542867 a prime number?
False
Is 16759 a composite number?
False
Is 211 a prime number?
True
Is 4037 prime?
False
Is 7369 prime?
True
Is 4487 a composite number?
True
Is 19709 a composite number?
False
Is 772843 prime?
True
Is 1361 a composite number?
False
Is 1612007 a composite number?
False
Is 38659 composite?
True
Is 168323 prime?
True
Is 6247 a prime number?
True
Is 8977 a composite number?
True
Is 939971 prime?
True
Is 86261 composite?
True
Is 122422 a prime number?
False
Is 370049 a prime number?
False
Is 21503 prime?
True
Is 232413 prime?
False
Is 727571 a prime number?
False
Is 22303 prime?
True
Is 63197 a composite number?
False
Is 10061 a p